t v be m(6). Let c(f) = 2*f + f - 6*f + v - 45. Determine c(-1).
4
Let k(x) be the third derivative of -x**5/60 + 3*x**4/8 - 11*x**3/6 - 18*x**2 - 3. Let p = 13 - 5. Give k(p).
-3
Let m(a) = a + 1. Let r(q) = q**2 + 10*q - 18. Let k be r(-10). Let y = -17 - k. Let j(c) = -c**2. Let d(f) = y*j(f) - 2*m(f). Determine d(-2).
-2
Let x(u) = -u**3 - 7*u**2 - 2*u - 5. Let l(o) = o**3 + 8*o**2 - o + 1. Let q be l(-8). Let t = 2 - q. Give x(t).
9
Let h(o) be the second derivative of -o**4/12 + 2*o**3/3 - 3*o**2 + 3*o + 23. What is h(5)?
-11
Let g(o) = 2*o**2 + 10 - o**2 - 25 - 7*o. Let c be g(8). Let n(f) = f**3 + 7*f**2 + 2*f - 7. Determine n(c).
-21
Let u(c) be the second derivative of 0 + 7*c**2 + 10*c - 1/6*c**3. What is u(10)?
4
Let v(o) = o + 18. Suppose 5*i = 3*a + 43, -43 = -3*a + 3*i - 88. Determine v(a).
2
Let y(p) be the third derivative of p**6/120 - 2*p**5/15 + p**4/3 + 5*p**3/6 + 18*p**2 + p. Calculate y(7).
12
Suppose 12*g = 9*g + 18. Let m be -2*4*3/(-6). Let t(i) = -2*i + 4 + m + 0 + 1. Calculate t(g).
-3
Let f(c) = 6*c + 6. Let a be (-33)/66 + 14/(-4). Calculate f(a).
-18
Let f(z) = 8*z**2 - 2*z + 1. Suppose -2*g = 1 - 13. Let k(h) = -h**2 + 7*h - 5. Let p be k(g). What is f(p)?
7
Suppose s - 4*s - 4*o + 97 = 0, -5*o + 155 = 5*s. Let u = s + -25. Suppose 0 = -u*g - 3*g - 10. Let t(z) = -5*z. Determine t(g).
10
Suppose 3*v - 1 = 5*q, 0 = -4*v + 61*q - 56*q + 8. Let t(b) = -4*b. What is t(v)?
-28
Suppose -2*w - 23 + 42 = -3*h, -h = -1. Let o(g) = -g**3 + 11*g**2 - g + 14. Calculate o(w).
3
Let g(d) = -3*d**2 + 2*d + 4. Let x(i) = -5*i**2 + 4*i + 7. Let w(n) = n**3 + 7*n**2 + 7*n + 10. Let r be w(-6). Let c(q) = r*x(q) - 7*g(q). What is c(-4)?
8
Let x = -14 - -24. Let q = 15 - x. Let i(h) = 4*h - q + 4 - 2 + 2. Give i(1).
3
Let m(i) = 2*i - 29. Let z be m(17). Let h(y) = -3*y + 0*y - y**3 - 2 + 4*y**2 - y + 2*y**2. What is h(z)?
3
Let b(n) be the second derivative of 28*n**4 - 4*n + 24*n**4 - 53*n**4. Give b(-1).
-12
Let b(w) = -w - 7. Let q(a) = -2*a - 13. Let o(h) = -5*b(h) + 3*q(h). Let f(p) = -5*p - 25. Let t be f(-5). Suppose 9*s - 2*s = t. Give o(s).
-4
Let f(s) = s**3 - 6*s**2 + s. Let x be f(6). Let c(m) = -194 - 15*m + m**2 + 10*m + 201. Calculate c(x).
13
Suppose -6*q = 4*b - q - 7, 2*q = -2*b + 6. Suppose 4*j - b*j + 8 = 0. Suppose -j*w - w - f = 22, -4*f - 16 = 0. Let i(c) = -c - 12. Determine i(w).
-6
Let t(w) = w**3 + 10*w - 17*w + 295*w**2 + 14 - 287*w**2. Give t(-9).
-4
Let a(g) = 3*g + 1. Let j(u) = -u. Let r(y) = 6*a(y) + 17*j(y). Let q be 2/(-2)*(-5 + -25). Let t be 2/5 + (-222)/q. Determine r(t).
-1
Let a(f) = 25*f + 1 - 11*f**2 - 15*f - 9*f. Let j(p) = 6*p - 19. Let i be j(3). What is a(i)?
-11
Let u = 42 - 39. Let g(p) = -2 + 33*p - 4*p**2 + 9*p**2 - 32*p + 0*p**3 + p**u. Determine g(-2).
8
Let z(b) be the first derivative of -b**3/3 + 7*b**2/2 - 8*b + 57. Calculate z(6).
-2
Let i(z) = 11*z**2 - 10*z + 6. Let r(n) = 9*n**2 - 9*n + 6. Let s(h) = -5*i(h) + 6*r(h). Give s(0).
6
Let r(x) = 14*x - 121. Let w(b) = 3*b - 27. Let v(a) = 2*r(a) - 9*w(a). Suppose -6 + 22 = 4*h. Give v(h).
5
Let z(k) = 3*k**2 + 1. Suppose -367*q = -366*q - 2. Determine z(q).
13
Let b(w) = -w**2 + 6*w + 5. Let g be (4/(-10)*2)/((-35)/350). Determine b(g).
-11
Let d be 30/(-4)*2/(-3). Let a = -172 + 1021. Let w(v) = 3*v**2 + a*v - 2*v**2 + 3 - 853*v. What is w(d)?
8
Let w(j) = -5*j - 4. Let k(v) = 7*v + 5. Let f(g) = 4*k(g) + 5*w(g). Give f(-6).
-18
Let j(w) = -2*w**2 + 4*w + 3. Suppose h + 5*k = -12, -26*k + 28*k = -2*h. What is j(h)?
-3
Let u(a) = -4*a - 1230 + a**3 + 13*a + 1242 - 12*a**2. What is u(11)?
-10
Suppose -r = -5*r + 88. Suppose -g - 4 = 0, 6 = -4*j + g + r. Let n(b) = j*b - 4*b + 2*b + 1 - 3*b. Determine n(2).
-3
Let i(o) = 4*o**3 + 15 - 5*o**3 - 16 - 18*o - 11*o**2. Let c be i(-9). Let y(r) be the first derivative of 5*r**4/2 - r**2/2 - r + 1. Calculate y(c).
-10
Let i(g) = 7*g**2 + 5*g - 15. Let p(v) = 3*v - 4. Let n(l) = -l**2 + 1. Let q(j) = -4*n(j) + p(j). Let r(k) = 3*i(k) - 5*q(k). Give r(0).
-5
Let l(y) be the second derivative of -y**5/20 + y**3/2 - 2*y**2 + 53*y. Give l(3).
-22
Suppose -6*r + 160 = 2*r. Let n(j) = 22 - r + 5*j**2 + 4*j - j**2. Determine n(-2).
10
Let f(q) = 3*q + 1. Let i be 2/13 + (-306)/(-39). Suppose 5*w - i = 22. Suppose -4 = 5*r + w. Give f(r).
-5
Let y(q) = -13*q**2 - 20*q + 11. Let w(g) = -3*g**2 - g + 2. Let r(i) = -5*w(i) + y(i). Calculate r(8).
9
Let m = -7 + 10. Suppose m*b = 3*g + 3, -b + 3 = -0*b. Suppose -4*h - 20 = 0, 2*y + g = -h - 9. Let c(n) = -n**3 - 2*n**2 + n - 3. What is c(y)?
3
Let k(d) = -3*d**2 - 17*d + 3. Let z(r) be the first derivative of r**3/3 + 3*r**2 - r - 31. Let j(g) = -6*k(g) - 17*z(g). Give j(0).
-1
Let o(q) = -9*q - 12. Let v(t) = -9*t - 14. Let h(b) = 6*o(b) - 5*v(b). What is h(-2)?
16
Let u(g) = -5 - 5*g + 2*g + 24*g**2 - 1 - 22*g**2 - 7*g. Determine u(5).
-6
Let a be 0/2 - ((-8)/1)/24. Let d(z) be the first derivative of 0*z - 1/4*z**4 + 0*z**2 - a*z**3 + 3. What is d(0)?
0
Let l(h) = -h**3 - h - 1. Suppose 2 + 0 = n. Suppose -4*j + 5*y = -18, 2*j = 3*j - 5*y - 12. Suppose 4*x + 3*i = 4 + j, -5*x - n = -i. Determine l(x).
-1
Let t(l) be the first derivative of l**4/4 + 3*l**3 + 4*l**2 - 2*l + 11. Let v be (4/(-8))/(2/(-20)). Suppose -v*q - 25 = 0, 0 = s - 3*s + q - 11. Give t(s).
-2
Let o be (-4 + 6)*(-20)/(-8). Let x(v) = 2*v - v - 2*v + o*v. Calculate x(-2).
-8
Let z(t) = -t**2 - 2*t + 6. Let c be z(-3). Let v(x) = 5*x**2 - 6*x - 1. Let r(s) = 9*s**2 - 11*s - 1. Let b(g) = c*r(g) - 5*v(g). Calculate b(2).
4
Let q(z) be the first derivative of z**2/2 + 23*z - 387. Give q(-12).
11
Suppose -p = -2 - 6. Let y(a) = -6 + 17 + 1 + a**2 + 2*a - p. What is y(-3)?
7
Let d(z) be the second derivative of z**5/20 + 5*z**4/6 + z**3 + 11*z**2/2 - 19*z. Let l(x) = x**3 + 9*x**2 + 6*x + 10. Let o(r) = 3*d(r) - 4*l(r). Give o(-5).
-2
Let b(y) = -4*y**2 - y - 6. Let n(m) = 8*m**2 + 2*m + 10. Let s(j) = -9*b(j) - 5*n(j). Give s(-3).
-29
Let j(s) = -s**2 + s + 4. Suppose -3 = -2*l - l + 3*t, 3*t - 25 = -4*l. Suppose 2*o - 23 = 3*a, -4*o + 0*o = l*a + 4. What is j(o)?
-8
Let i(u) = -12*u - 11*u + 1 + 1 + 35*u - 4*u. Determine i(1).
10
Let m(x) = x**2 + 7*x + 6. Suppose -a + 88 = a. Suppose i - 5*q + a = -2*i, -8 = i + 5*q. Let z(j) = j + 8. Let y be z(i). Determine m(y).
-4
Let l(r) be the first derivative of r**3/3 + 7*r**2/2 - 4*r + 88. What is l(-8)?
4
Let v(l) be the first derivative of -3*l**2 + l - 1. Let g = -474 + 475. Determine v(g).
-5
Let x(a) = -a - a**2 + 2*a**2 - 3 + 1. Let w be 2/(-14) + (-2)/(-14). Suppose w*n + 9*n = 27. What is x(n)?
4
Suppose 0 = 3*r - 2*s + 6*s - 3, 0 = -2*r + 2*s + 16. Let p(b) = 4*b - 9*b**3 - 6*b**2 - 3*b + r*b**2. What is p(1)?
-9
Suppose -7*x - 4*a = -4*x - 9, 4*a - 14 = 2*x. Let u(y) = -2*y**3 - y**2 + 1. Give u(x).
2
Let m be -4 - 102/(-27) - 86/18. Let j(d) = -2*d - 2. What is j(m)?
8
Suppose 0 = -2*m + 10, 0 = 5*v - 4*m + 15. Let i(u) = 0 - 561*u - 4*u**2 + v + 560*u. Give i(2).
-17
Let f(l) = -2*l**3 + 1. Let r = -35 - -35. Let u be (2 + r)*5/5. Give f(u).
-15
Let g(i) = 2*i**2 - 3*i - 1. Let o(d) = d**3 - 22*d**2 - 49*d + 27. Let h be o(24). Determine g(h).
8
Let j = 8 - 7. Suppose -p - 3*h = -j, -4*p - p = -h - 21. Let z be -1 + 16/p + 3. Let o(c) = c**2 - 6*c + 3. What is o(z)?
3
Let z(u) be the third derivative of -7*u**4/12 - u**3/6 + 19*u**2. Determine z(1).
-15
Let d(m) = 700 + 6*m - 1442 + 724 - 4*m. What is d(0)?
-18
Let c be ((-6)/8)/((-2)/(-8)). Let d(q) = -30 + q**3 + 46 + 5*q - 14 + 5*q**2. What is d(c)?
5
Let n(p) = -10*p - p**3 - 16*p**3 + 8 - 10*p**2 + 22*p**3 + 2 - 4*p**3. Calculate n(11).
21
Suppose -4*s = -5*h - 6, 4*h - 116*s - 4 = -115*s. Let i(p) be the second derivative of -p**3/2 - p**2 + p. Calculate i(h).
-8
Let p(v) = -6 - 3*v + 5*v**2 - v - v**3 + 11*v. Suppose 5 = k - 25. Suppose 2*d + 3*d - k = 0. Give p(d).
0
Suppose g + 10*t - 5*t - 79 = 0, -g = -5*t - 59. Let z(l) = 69 + 10*l - 3*l - g. Determine z(1).
7
Let w = -49 + 43. Let v be ((-2 - -5) + -4)*w. Let i(u) = u**2 - 8*u + 4. What is i(v)?
-8
Let z(p) = p**3 - 4*p**2 - 3*p + 5. Let d be (-2)/(21/(-14) + 2 + -1). Determine z(d).
-7
Suppose 0*u - 3*u + 3*w + 3 = 0, 8 = 4*w. Let y(h) = -1 + 2*h + u*h + 14*h**2 - 3*h. Calculate y(1).
15
Let h(q) = -q**2 